 -2*s + 20 + 50 = 4*t. What is the highest common divisor of 243 and s?
27
Let l = 29 - 3. Let w = 80 - 15. What is the greatest common divisor of w and l?
13
Suppose -5*k - 3*k + 192 = 0. Calculate the highest common divisor of 168 and k.
24
Let g(q) be the third derivative of 109*q**4/6 + q**3/6 + q**2. Let r be g(-1). Let v be r/(-12) - 2/8. Calculate the highest common factor of 4 and v.
4
Suppose -3*k + 428 = 4*h, 5*k + 5 = -15. Let i = h + -29. Suppose p - 45 = -4*p. Calculate the greatest common factor of p and i.
9
Let v(d) = -d + 21. Let l be v(15). What is the highest common divisor of 42 and l?
6
Let p(r) = r + 14. Let t be p(-11). Let j(a) = -a + 5. Let n be j(t). Calculate the highest common divisor of 10 and n.
2
Let k(a) = a**2 + 9*a + 44. Let p be k(-8). What is the highest common divisor of p and 27?
9
Let a be (-6)/8 - (-282)/(-8). Let q = a - -71. What is the greatest common factor of q and 5?
5
Let l be 2 - (-11)/(-4) - 354/(-24). Calculate the greatest common divisor of l and 21.
7
Let y be (-3 - 1)*150/(-8). Let b be -1*2 - y/(-5). What is the highest common divisor of b and 13?
13
Let x be (-178)/(-2) + (-2 + 4 - 1). Calculate the greatest common factor of x and 54.
18
Suppose -5*x + 8 + 7 = 4*r, -r + 10 = -5*x. Let b be r*(0 + (-88)/(-10)). What is the highest common divisor of b and 11?
11
Suppose 0 = -4*c + 61 + 51. What is the highest common divisor of 70 and c?
14
Let p(k) = -k**3 + 14*k**2 + 22*k - 5. Let y be p(15). Let s = 39 + -19. What is the greatest common factor of s and y?
20
Suppose -72 + 313 = y. Suppose y = -5*w - 5*i - 159, w + 2*i = -85. Let c be ((-32)/(-10))/((-6)/w). Calculate the highest common divisor of c and 8.
8
Let j(p) = -p - 6. Let b be j(-9). Let g be (-6*3)/b - 2. Let h be 1/(-4) + (-34)/g. What is the greatest common divisor of 16 and h?
4
Suppose 2*o + 2*o - 20 = 0. Let a be 2*1 - (2 - 0). Suppose 2*i - 4 = -a*i. Calculate the greatest common divisor of o and i.
1
Suppose 4*a + 23 - 71 = 0. Let n(g) = g**3 + 2*g**2 + g + 3. Let i be n(0). Calculate the greatest common divisor of i and a.
3
Suppose 12 = 2*x - 0. Let v = 26 + -24. Calculate the greatest common divisor of x and v.
2
Suppose 62 + 52 = f. Suppose -s + f = -m, -2*s - 3*m + 236 = 18. What is the highest common divisor of s and 16?
16
Let u = 58 + -48. Calculate the greatest common divisor of 70 and u.
10
Let j(p) = 5*p + 20. Let s be j(9). Let o = s + -45. Let g = -77 + 127. Calculate the highest common factor of g and o.
10
Suppose 5*j = 545 + 30. Suppose -2*t - 85 - 51 = 0. Let r = -22 - t. What is the greatest common factor of r and j?
23
Let r be (2 - -5)*(-11 - -17). Calculate the greatest common divisor of r and 6.
6
Let t(k) = -k**3 + 6*k**2 + 7*k + 12. Let b be t(7). What is the greatest common divisor of 3 and b?
3
Let h(x) = -2*x - 7. Let t be h(9). Let c = t - -58. Let o(g) = g**3 + 6*g**2 + 5*g - 1. Let b be o(-4). Calculate the highest common factor of c and b.
11
Suppose -2*k + 4*k - 28 = 0. Calculate the greatest common divisor of 7 and k.
7
Suppose -79 = -4*l + l + 2*h, 2*h - 29 = -l. What is the greatest common factor of l and 27?
27
Let u be 4/(-18) + (-2499)/(-189). Calculate the greatest common divisor of 13 and u.
13
Let x(u) be the first derivative of u**4/4 + 4*u**3 + 3*u**2/2 - 4*u - 3. Let a be x(-8). Let d = -133 + a. Calculate the highest common factor of 38 and d.
19
Suppose 5*o + z + 0*z + 14 = 0, -7 = 4*o + 5*z. Let w(k) = -9*k. Let t be w(o). Calculate the highest common factor of t and 9.
9
Suppose 0 = 3*x - 4*g - 0*g - 34, 5*x - g = 85. What is the greatest common divisor of 81 and x?
9
Let k be (3 - 0)*(-6)/(-9). Let b be k*(-2)/4*-3. Let r be (90 - b/(-3)) + -1. Calculate the greatest common factor of 10 and r.
10
Suppose 0 = -t - w + 67, -7*w = 4*t - 2*w - 265. What is the greatest common factor of t and 28?
14
Suppose 0 = w + 5*j - 53 + 6, -3*w + 2*j + 90 = 0. Calculate the highest common factor of w and 48.
16
Let b = 51 + -33. Let a be 2/4*(4 - -32). Calculate the greatest common factor of b and a.
18
Suppose 3*h = -3*j + 273 + 129, -4*h = -3*j - 543. Calculate the greatest common factor of 45 and h.
45
Let q be (-1)/(-4) - 7/28. Let l be (26/2 - q) + 1. What is the greatest common factor of l and 14?
14
Let i be ((-134)/(-6) - -1)*-3. Let w be (i/(-15))/((-2)/(-30)). Calculate the highest common divisor of w and 28.
14
Let p(d) be the third derivative of -d**5/60 + 7*d**4/12 + d**3 + 3*d**2. Let n be p(14). What is the highest common factor of 6 and n?
6
Let c = 57 + -27. Suppose -n - 20 = -2*n + 5*y, 0 = 4*n + 5*y - 180. Suppose -r = 3*r - n. Calculate the greatest common divisor of c and r.
10
Suppose -5 = c - 5*z, -z + 6 = -5*c + 29. Suppose k = c*k + 32. Let n(r) = -r + 3. Let t be n(k). Calculate the highest common divisor of 77 and t.
11
Let b = 499 + -298. Suppose -3*a - 4 = 2*h - b, 201 = 2*h - a. Suppose 3*z = -2*z + h. What is the greatest common divisor of z and 30?
10
Let m(d) = -d**3 - 7*d**2 - 7*d + 3. Let y = -13 + 7. Let o be m(y). Suppose 21 + o = a. Calculate the greatest common factor of 12 and a.
6
Let m(u) = 4*u**2 + 9*u - 7. Let o be m(-7). Let f = 6 + -4. Suppose -f*a = -4*n - 4*a + 78, -n = -3*a - 9. Calculate the greatest common divisor of o and n.
18
Let l(c) be the third derivative of 2*c**5/3 + c**4/24 - c**3/6 + c**2. Let x be l(1). What is the greatest common divisor of 8 and x?
8
Let v = 156 + -71. Let b = 0 - 0. Suppose 87 = 4*r + j + 21, 5*j + 10 = b. Calculate the highest common divisor of v and r.
17
Let q = 22 - 18. Suppose 7 = -w + 19. Calculate the highest common factor of q and w.
4
Let h = 62 + -14. What is the highest common divisor of 120 and h?
24
Let o be (-77)/35 + 1/5. Let c be -1 - (0/o + -100). Calculate the greatest common divisor of c and 9.
9
Suppose -5*c - 3*l + 5 = -12, -c + 5*l + 9 = 0. Suppose 4*v + 5*g = 154 + 53, 36 = v - c*g. What is the greatest common factor of v and 6?
6
Let j = 53 + -17. Suppose 5*n + 45 = 2*i, 5*i + 3*n = 2*i + j. Let l be 288/40*(1 - (-141)/9). Calculate the greatest common factor of i and l.
15
Let i = -111 + 177. Calculate the greatest common factor of 11 and i.
11
Suppose -3 = y - 4. Let o be (-2)/(y*6/(-9)). What is the greatest common divisor of 15 and o?
3
Let p = -84 + 136. What is the greatest common factor of 130 and p?
26
Let z be 14/(-63) + (-38)/(-9). Calculate the highest common factor of 24 and z.
4
Suppose -5*u - 2*n = -42, -n + 52 - 6 = 5*u. Suppose 30 = -5*o + 8*o. Calculate the highest common factor of u and o.
10
Suppose 2*t = -514 + 140. Let m be 34/t + (-136)/(-22). What is the highest common factor of m and 42?
6
Let r = -26 - -35. What is the highest common divisor of r and 81?
9
Suppose -4*s = -0*s - 12. Let l(r) = -r + 8. Let a be l(5). Calculate the greatest common factor of a and s.
3
Let l be 2*(1/(-1))/((-5)/20). What is the highest common factor of 64 and l?
8
Let p be ((-18)/(-12))/(3/64). Calculate the highest common factor of p and 48.
16
Suppose 25 = u - 2. What is the greatest common factor of u and 27?
27
Let w = -76 + 125. Calculate the greatest common divisor of w and 7.
7
Let m = -15 - -31. Suppose 0 = j - 3*q - 57, -2*q = 4*j + 2*q - 180. Calculate the highest common factor of m and j.
16
Let v be 42/(-1*(-2)/(-4)). Let j = 154 + v. What is the highest common factor of j and 14?
14
Suppose -2*y + 2 = v - 0*y, -2*y = -4. Let c = 56 - 55. Let k be 28/(-2*c/v). Calculate the greatest common divisor of 14 and k.
14
Let b = -2 + 6. What is the greatest common divisor of b and 16?
4
Suppose 2*r = 2*n + 34, -3*r = -0*n - 4*n - 55. What is the highest common divisor of r and 13?
13
Suppose 2*u = -0*u + 78. Let v be (2/(-2))/(1/67). Let q be 4/(-10) - v/5. What is the greatest common divisor of q and u?
13
Suppose -4*n + 4 = -2*n. Suppose -m + n*f + 0 = -3, 0 = -m - 2*f - 17. Let k be (-300)/(-28) + (-2)/m. Calculate the greatest common factor of 1 and k.
1
Suppose -3*x + 11 = -y + 3, x - 3 = 0. Let t(d) = -23*d**2 - 3*d + y + 115*d**2 + 5*d. Let w be t(-1). Calculate the highest common factor of 13 and w.
13
Suppose -5*p - l - 2*l + 87 = 0, -2*p = l - 34. What is the highest common divisor of 3 and p?
3
Let l(a) = -11*a**2 + 2*a - 1. Let c = 6 - 4. Let d be l(c). Let z = 5